{"id":15421,"date":"2019-01-18T14:33:27","date_gmt":"2019-01-18T13:33:27","guid":{"rendered":"https:\/\/www.csdesign.fr\/wordpress\/?page_id=15421"},"modified":"2025-11-14T17:48:54","modified_gmt":"2025-11-14T16:48:54","slug":"lequipe","status":"publish","type":"page","link":"https:\/\/www.csdesign.fr\/wordpress\/lequipe\/","title":{"rendered":"L\u2019\u00e9quipe"},"content":{"rendered":"<div class=\"wpb-content-wrapper\"><p>[vc_row section_arrow=\u00a0\u00bbfalse\u00a0\u00bb top_padding=\u00a0\u00bb50&Prime; bottom_padding=\u00a0\u00bb50&Prime;][vc_column width=\u00a0\u00bb1\/3&Prime;][vc_column_text css_animation=\u00a0\u00bbslideInLeft\u00a0\u00bb el_class=\u00a0\u00bbchapeau\u00a0\u00bb]L\u2019agence CS DESIGN a \u00e9t\u00e9 cr\u00e9\u00e9e autour de Claire Simonet, sc\u00e9nographe Designer, et Christian Sintes, charg\u00e9 d\u2019affaire dans le b\u00e2timent. Ensemble ils r\u00e9pondent aux commandes publiques comme priv\u00e9es en cr\u00e9ant l\u2019\u00e9quipe ad\u00e9quate avec leurs partenaires mus\u00e9ographes, graphistes, architectes \u2026[\/vc_column_text][\/vc_column][vc_column width=\u00a0\u00bb1\/3&Prime;]<div class=\"member wpb_content_element\"><div class=\"member-img\"><img decoding=\"async\" src=\"https:\/\/www.csdesign.fr\/wordpress\/wp-content\/uploads\/2019\/01\/photo-claire.jpg\" alt=\"\" \/><\/div><h4>Claire Simonet<\/h4><div class=\"member-role\">sc\u00e9nographe \u2013 designer, fondatrice de CS Design<\/div><div class=\"member-content\"><p>Form\u00e9e au design d\u2019exposition et de mus\u00e9e en Grande-Bretagne (Universit\u00e9 de Lincoln), apr\u00e8s un passage par le graphisme publicitaire, Claire collabore depuis 2008 avec architectes et mus\u00e9ographes afin de r\u00e9pondre aux appels d\u2019offres ou aux commandes sp\u00e9cifiques de mus\u00e9es et institutions.<br \/>\nAujourd\u2019hui elle est g\u00e9rante de CS DESIGN et intervient au sein du Master Patrimoine de l\u2019universit\u00e9 Toulouse \u00e0 Cahors en mus\u00e9ographie &amp; sc\u00e9nographie.<\/p><\/div><\/div>[\/vc_column][vc_column width=\u00a0\u00bb1\/3&Prime;]<div class=\"member wpb_content_element\"><div class=\"member-img\"><img decoding=\"async\" src=\"https:\/\/www.csdesign.fr\/wordpress\/wp-content\/uploads\/2019\/01\/photo-christian.jpg\" alt=\"\" \/><\/div><h4>Christian Sintes<\/h4><div class=\"member-role\">Charg\u00e9 d\u2019affaires, OPC<\/div><div class=\"member-content\"><p>Fort d&rsquo;une quinzaine d&rsquo;ann\u00e9es d&rsquo;exp\u00e9rience en gestion et organisation de projets pour de grands groupes industriels et de la grande distribution, Christian rejoint CS DESIGN en qualit\u00e9 de Charg\u00e9 d&rsquo;affaires.<br \/>\nIl r\u00e9alise le suivi et la coordination des chantiers. Il organise le suivi de projet et de production.<\/p><\/div><\/div>[\/vc_column][\/vc_row][vc_row type=\u00a0\u00bbfull_width_section\u00a0\u00bb bg_color=\u00a0\u00bb#eeeeee\u00a0\u00bb top_padding=\u00a0\u00bb100&Prime; bottom_padding=\u00a0\u00bb100&Prime;][vc_column width=\u00a0\u00bb1\/1&Prime;][vc_row_inner][vc_column_inner width=\u00a0\u00bb1\/6&Prime;][\/vc_column_inner][vc_column_inner width=\u00a0\u00bb1\/3&Prime; css=\u00a0\u00bb.vc_custom_1548347862621{padding-right: 30px !important;}\u00a0\u00bb][vc_column_text]<\/p>\n<h2 style=\"text-align: right;\">Ils travaillent avec nous<\/h2>\n<p>[\/vc_column_text][\/vc_column_inner][vc_column_inner width=\u00a0\u00bb1\/6&Prime;]<div class=\"member wpb_content_element\"><div class=\"member-img\"><img decoding=\"async\" src=\"https:\/\/www.csdesign.fr\/wordpress\/wp-content\/uploads\/2019\/01\/photo-camille.jpg\" alt=\"\" \/><\/div><h4>Camille Provendier<\/h4><div class=\"member-role\">Mus\u00e9ographe<\/div><div class=\"member-content\"><p>G\u00e9ographe experte en m\u00e9diation environnementale, interpr\u00e9tation et p\u00e9dagogie, Camille Provendier est consultante depuis 2009. Elle dispose de comp\u00e9tences dans le diagnostic th\u00e9matique et la concertation tout au long de la d\u00e9marche de projet lui permettant la formulation de fils conducteurs originaux et partag\u00e9s.<br \/>\nSon exp\u00e9rience sur le terrain lui donne un regard op\u00e9rationnel sur les besoins du public jeune (d\u00e9couverte active, etc.).<\/p>\n<p><a href=\"http:\/\/www.mediation-environnement.fr\/\" target=\"_blank\" rel=\"noopener\">www.mediation-environnement.fr<\/a><\/p><\/div><\/div>[\/vc_column_inner][vc_column_inner width=\u00a0\u00bb1\/3&Prime;][\/vc_column_inner][\/vc_row_inner][\/vc_column][\/vc_row]<\/p>\n<\/div>","protected":false},"excerpt":{"rendered":"<p>[vc_row section_arrow=\u00a0\u00bbfalse\u00a0\u00bb top_padding=\u00a0\u00bb50&Prime; bottom_padding=\u00a0\u00bb50&Prime;][vc_column width=\u00a0\u00bb1\/3&Prime;][vc_column_text css_animation=\u00a0\u00bbslideInLeft\u00a0\u00bb el_class=\u00a0\u00bbchapeau\u00a0\u00bb]L\u2019agence CS DESIGN a \u00e9t\u00e9 cr\u00e9\u00e9e autour de Claire Simonet, sc\u00e9nographe Designer, et Christian Sintes, charg\u00e9 d\u2019affaire dans le b\u00e2timent. Ensemble ils r\u00e9pondent aux commandes publiques comme priv\u00e9es en cr\u00e9ant l\u2019\u00e9quipe ad\u00e9quate avec leurs partenaires mus\u00e9ographes, graphistes, architectes \u2026[\/vc_column_text][\/vc_column][vc_column width=\u00a0\u00bb1\/3&Prime;][\/vc_column][vc_column width=\u00a0\u00bb1\/3&Prime;][\/vc_column][\/vc_row][vc_row type=\u00a0\u00bbfull_width_section\u00a0\u00bb bg_color=\u00a0\u00bb#eeeeee\u00a0\u00bb top_padding=\u00a0\u00bb100&Prime; bottom_padding=\u00a0\u00bb100&Prime;][vc_column width=\u00a0\u00bb1\/1&Prime;][vc_row_inner][vc_column_inner width=\u00a0\u00bb1\/6&Prime;][\/vc_column_inner][vc_column_inner width=\u00a0\u00bb1\/3&Prime; css=\u00a0\u00bb.vc_custom_1548347862621{padding-right: 30px !important;}\u00a0\u00bb][vc_column_text] Ils travaillent avec nous [\/vc_column_text][\/vc_column_inner][vc_column_inner width=\u00a0\u00bb1\/6&Prime;][\/vc_column_inner][vc_column_inner width=\u00a0\u00bb1\/3&Prime;][\/vc_column_inner][\/vc_row_inner][\/vc_column][\/vc_row]<\/p>\n","protected":false},"author":2,"featured_media":0,"parent":0,"menu_order":0,"comment_status":"closed","ping_status":"closed","template":"","meta":{"footnotes":""},"class_list":["post-15421","page","type-page","status-publish","hentry"],"_links":{"self":[{"href":"https:\/\/www.csdesign.fr\/wordpress\/wp-json\/wp\/v2\/pages\/15421","targetHints":{"allow":["GET"]}}],"collection":[{"href":"https:\/\/www.csdesign.fr\/wordpress\/wp-json\/wp\/v2\/pages"}],"about":[{"href":"https:\/\/www.csdesign.fr\/wordpress\/wp-json\/wp\/v2\/types\/page"}],"author":[{"embeddable":true,"href":"https:\/\/www.csdesign.fr\/wordpress\/wp-json\/wp\/v2\/users\/2"}],"replies":[{"embeddable":true,"href":"https:\/\/www.csdesign.fr\/wordpress\/wp-json\/wp\/v2\/comments?post=15421"}],"version-history":[{"count":4,"href":"https:\/\/www.csdesign.fr\/wordpress\/wp-json\/wp\/v2\/pages\/15421\/revisions"}],"predecessor-version":[{"id":16240,"href":"https:\/\/www.csdesign.fr\/wordpress\/wp-json\/wp\/v2\/pages\/15421\/revisions\/16240"}],"wp:attachment":[{"href":"https:\/\/www.csdesign.fr\/wordpress\/wp-json\/wp\/v2\/media?parent=15421"}],"curies":[{"name":"wp","href":"https:\/\/api.w.org\/{rel}","templated":true}]}}

L’équipe

<div class="wpb-content-wrapper"><p>[vc_row section_arrow= »false » top_padding= »50&Prime; bottom_padding= »50&Prime;][vc_column width= »1/3&Prime;][vc_column_text css_animation= »slideInLeft » el_class= »chapeau »]L’agence CS DESIGN a été créée autour de Claire Simonet, scénographe Designer, et Christian Sintes, chargé d’affaire dans le bâtiment. Ensemble ils répondent aux commandes publiques comme privées en créant l’équipe adéquate avec leurs partenaires muséographes, graphistes, architectes …[/vc_column_text][/vc_column][vc_column width= »1/3&Prime;]<div class="member wpb_content_element"><div class="member-img"><img decoding="async" src="https://www.csdesign.fr/wordpress/wp-content/uploads/2019/01/photo-claire.jpg" alt="" /></div><h4>Claire Simonet</h4><div class="member-role">scénographe – designer, fondatrice de CS Design</div><div class="member-content"><p>Formée au design d’exposition et de musée en Grande-Bretagne (Université de Lincoln), après un passage par le graphisme publicitaire, Claire collabore depuis 2008 avec architectes et muséographes afin de répondre aux appels d’offres ou aux commandes spécifiques de musées et institutions.<br />
Aujourd’hui elle est gérante de CS DESIGN et intervient au sein du Master Patrimoine de l’université Toulouse à Cahors en muséographie &amp; scénographie.</p></div></div>[/vc_column][vc_column width= »1/3&Prime;]<div class="member wpb_content_element"><div class="member-img"><img decoding="async" src="https://www.csdesign.fr/wordpress/wp-content/uploads/2019/01/photo-christian.jpg" alt="" /></div><h4>Christian Sintes</h4><div class="member-role">Chargé d’affaires, OPC</div><div class="member-content"><p>Fort d&rsquo;une quinzaine d&rsquo;années d&rsquo;expérience en gestion et organisation de projets pour de grands groupes industriels et de la grande distribution, Christian rejoint CS DESIGN en qualité de Chargé d&rsquo;affaires.<br />
Il réalise le suivi et la coordination des chantiers. Il organise le suivi de projet et de production.</p></div></div>[/vc_column][/vc_row][vc_row type= »full_width_section » bg_color= »#eeeeee » top_padding= »100&Prime; bottom_padding= »100&Prime;][vc_column width= »1/1&Prime;][vc_row_inner][vc_column_inner width= »1/6&Prime;][/vc_column_inner][vc_column_inner width= »1/3&Prime; css= ».vc_custom_1548347862621{padding-right: 30px !important;} »][vc_column_text]</p>
<h2 style="text-align: right;">Ils travaillent avec nous</h2>
<p>[/vc_column_text][/vc_column_inner][vc_column_inner width= »1/6&Prime;]<div class="member wpb_content_element"><div class="member-img"><img decoding="async" src="https://www.csdesign.fr/wordpress/wp-content/uploads/2019/01/photo-camille.jpg" alt="" /></div><h4>Camille Provendier</h4><div class="member-role">Muséographe</div><div class="member-content"><p>Géographe experte en médiation environnementale, interprétation et pédagogie, Camille Provendier est consultante depuis 2009. Elle dispose de compétences dans le diagnostic thématique et la concertation tout au long de la démarche de projet lui permettant la formulation de fils conducteurs originaux et partagés.<br />
Son expérience sur le terrain lui donne un regard opérationnel sur les besoins du public jeune (découverte active, etc.).</p>
<p><a href="http://www.mediation-environnement.fr/" target="_blank" rel="noopener">www.mediation-environnement.fr</a></p></div></div>[/vc_column_inner][vc_column_inner width= »1/3&Prime;][/vc_column_inner][/vc_row_inner][/vc_column][/vc_row]</p>
</div>

<p>[vc_row section_arrow= »false » top_padding= »50&Prime; bottom_padding= »50&Prime;][vc_column width= »1/3&Prime;][vc_column_text css_animation= »slideInLeft » el_class= »chapeau »]L’agence CS DESIGN a été créée autour de Claire Simonet, scénographe Designer, et Christian Sintes, chargé d’affaire dans le bâtiment. Ensemble ils répondent aux commandes publiques comme privées en créant l’équipe adéquate avec leurs partenaires muséographes, graphistes, architectes …[/vc_column_text][/vc_column][vc_column width= »1/3&Prime;][/vc_column][vc_column width= »1/3&Prime;][/vc_column][/vc_row][vc_row type= »full_width_section » bg_color= »#eeeeee » top_padding= »100&Prime; bottom_padding= »100&Prime;][vc_column width= »1/1&Prime;][vc_row_inner][vc_column_inner width= »1/6&Prime;][/vc_column_inner][vc_column_inner width= »1/3&Prime; css= ».vc_custom_1548347862621{padding-right: 30px !important;} »][vc_column_text] Ils travaillent avec nous [/vc_column_text][/vc_column_inner][vc_column_inner width= »1/6&Prime;][/vc_column_inner][vc_column_inner width= »1/3&Prime;][/vc_column_inner][/vc_row_inner][/vc_column][/vc_row]</p>
