{"id":15523,"date":"2019-01-21T20:36:15","date_gmt":"2019-01-21T19:36:15","guid":{"rendered":"https:\/\/www.csdesign.fr\/wordpress\/?page_id=15523"},"modified":"2020-11-20T09:50:35","modified_gmt":"2020-11-20T08:50:35","slug":"mentions-legales","status":"publish","type":"page","link":"https:\/\/www.csdesign.fr\/wordpress\/mentions-legales\/","title":{"rendered":"Mentions l\u00e9gales"},"content":{"rendered":"<div class=\"wpb-content-wrapper\"><p>[vc_row][vc_column width=\u00a0\u00bb1\/2&Prime;][vc_column_text]<\/p>\n<h3>PROPRI\u00c9T\u00c9 INTELLECTUELLE<\/h3>\n<p>Les cr\u00e9ations r\u00e9alis\u00e9es par la soci\u00e9t\u00e9&nbsp;<strong>CS Design<\/strong>&nbsp;sont prot\u00e9g\u00e9es au titre du droit d\u2019auteur conform\u00e9ment aux dispositions des livres I \u00e0 III du Code de la Propri\u00e9t\u00e9 Intellectuelle. A ce titre, toute reproduction, repr\u00e9sentation, utilisation, adaptation, modification, incorporation, traduction, commercialisation, partielles ou int\u00e9grales des \u00e9l\u00e9ments contenus dans ce site, sans l\u2019autorisation \u00e9crite pr\u00e9alable de&nbsp;<strong>CS Design<\/strong>, est interdite, sous peine de constituer un d\u00e9lit de contrefa\u00e7on de droit d\u2019auteur.<\/p>\n<h3>DONN\u00c9ES PERSONNELLES<\/h3>\n<p>En application de la loi n\u00b0 78-17 du 6 janvier 1978 (\u00ab&nbsp;informatique et libert\u00e9s&nbsp;\u00bb), vous disposez d\u2019un droit d\u2019acc\u00e8s aux informations qui vous concernent et vous pouvez les faire modifier. Si vous souhaitez faire modifier ou supprimer certaines des donn\u00e9es qui vous concernent, veuillez contacter directement la soci\u00e9t\u00e9 dont les coordonn\u00e9es figurent sur le site.<\/p>\n<h3>DIRECTRICE DE PUBLICATION<\/h3>\n<p>Claire Simonet[\/vc_column_text][\/vc_column][vc_column width=\u00a0\u00bb1\/2&Prime;][vc_column_text]<\/p>\n<h3>IMAGES<\/h3>\n<p>El\u00e9ments graphiques : \u00a9 2019 CS Design<br \/>\nPhotographies :<br \/>\n\u00a9 2019 CS Design (sauf photo mentions contraire)<br \/>\nChateau de Foix : \u00a9 Serge Cros Architectes<br \/>\nParc de calanques, photo sous-marine : \u00a9 Florian Launette<br \/>\nSite d\u00e9velopp\u00e9 sous WordPress.<\/p>\n<h3>H\u00c9BERGEMENT<\/h3>\n<p>Le pr\u00e9sent site est h\u00e9berg\u00e9 par la soci\u00e9t\u00e9 d\u2019h\u00e9bergement OVH.<\/p>\n<p><strong>OVH<\/strong><br \/>\n14, Quai de Sartel<br \/>\n59100 ROUBAIX<br \/>\nFrance<\/p>\n<h3>ENTREPRISE<\/h3>\n<p><strong>SARL CS Design<\/strong><br \/>\n2 avenue du Cami Neou<br \/>\n82210 Saint Nicolas de la Grave<br \/>\nFrance<br \/>\nSIRET 66797521796[\/vc_column_text][\/vc_column][\/vc_row]<\/p>\n<\/div>","protected":false},"excerpt":{"rendered":"<p>[vc_row][vc_column width=\u00a0\u00bb1\/2&Prime;][vc_column_text] PROPRI\u00c9T\u00c9 INTELLECTUELLE Les cr\u00e9ations r\u00e9alis\u00e9es par la soci\u00e9t\u00e9&nbsp;CS Design&nbsp;sont prot\u00e9g\u00e9es au titre du droit d\u2019auteur conform\u00e9ment aux dispositions des livres I \u00e0 III du Code de la Propri\u00e9t\u00e9 Intellectuelle. A ce titre, toute reproduction, repr\u00e9sentation, utilisation, adaptation, modification, incorporation, traduction, commercialisation, partielles ou int\u00e9grales des \u00e9l\u00e9ments contenus dans ce site, sans l\u2019autorisation \u00e9crite pr\u00e9alable de&nbsp;CS Design, est interdite, sous peine de constituer un d\u00e9lit de contrefa\u00e7on de droit d\u2019auteur. DONN\u00c9ES PERSONNELLES En application de la loi n\u00b0 78-17 du 6 janvier 1978 (\u00ab&nbsp;informatique et libert\u00e9s&nbsp;\u00bb), vous disposez d\u2019un droit d\u2019acc\u00e8s aux informations qui vous concernent et vous pouvez les faire modifier. Si vous souhaitez faire modifier ou supprimer certaines des donn\u00e9es qui vous concernent, veuillez contacter directement la soci\u00e9t\u00e9 dont les coordonn\u00e9es figurent sur le site. DIRECTRICE DE PUBLICATION Claire Simonet[\/vc_column_text][\/vc_column][vc_column width=\u00a0\u00bb1\/2&Prime;][vc_column_text] IMAGES El\u00e9ments graphiques : \u00a9 2019 CS Design Photographies : \u00a9 2019 CS Design (sauf photo mentions contraire) Chateau de Foix : \u00a9 Serge Cros Architectes Parc de calanques, photo sous-marine : \u00a9 Florian Launette Site d\u00e9velopp\u00e9 sous WordPress. H\u00c9BERGEMENT Le pr\u00e9sent site est h\u00e9berg\u00e9 par la soci\u00e9t\u00e9 d\u2019h\u00e9bergement OVH. OVH 14, Quai de Sartel 59100 ROUBAIX France ENTREPRISE SARL CS Design 2 avenue du Cami [&hellip;]<\/p>\n","protected":false},"author":2,"featured_media":0,"parent":0,"menu_order":0,"comment_status":"closed","ping_status":"closed","template":"","meta":{"footnotes":""},"class_list":["post-15523","page","type-page","status-publish","hentry"],"_links":{"self":[{"href":"https:\/\/www.csdesign.fr\/wordpress\/wp-json\/wp\/v2\/pages\/15523","targetHints":{"allow":["GET"]}}],"collection":[{"href":"https:\/\/www.csdesign.fr\/wordpress\/wp-json\/wp\/v2\/pages"}],"about":[{"href":"https:\/\/www.csdesign.fr\/wordpress\/wp-json\/wp\/v2\/types\/page"}],"author":[{"embeddable":true,"href":"https:\/\/www.csdesign.fr\/wordpress\/wp-json\/wp\/v2\/users\/2"}],"replies":[{"embeddable":true,"href":"https:\/\/www.csdesign.fr\/wordpress\/wp-json\/wp\/v2\/comments?post=15523"}],"version-history":[{"count":0,"href":"https:\/\/www.csdesign.fr\/wordpress\/wp-json\/wp\/v2\/pages\/15523\/revisions"}],"wp:attachment":[{"href":"https:\/\/www.csdesign.fr\/wordpress\/wp-json\/wp\/v2\/media?parent=15523"}],"curies":[{"name":"wp","href":"https:\/\/api.w.org\/{rel}","templated":true}]}}

Mentions légales

<div class="wpb-content-wrapper"><p>[vc_row][vc_column width= »1/2&Prime;][vc_column_text]</p>
<h3>PROPRIÉTÉ INTELLECTUELLE</h3>
<p>Les créations réalisées par la société&nbsp;<strong>CS Design</strong>&nbsp;sont protégées au titre du droit d’auteur conformément aux dispositions des livres I à III du Code de la Propriété Intellectuelle. A ce titre, toute reproduction, représentation, utilisation, adaptation, modification, incorporation, traduction, commercialisation, partielles ou intégrales des éléments contenus dans ce site, sans l’autorisation écrite préalable de&nbsp;<strong>CS Design</strong>, est interdite, sous peine de constituer un délit de contrefaçon de droit d’auteur.</p>
<h3>DONNÉES PERSONNELLES</h3>
<p>En application de la loi n° 78-17 du 6 janvier 1978 («&nbsp;informatique et libertés&nbsp;»), vous disposez d’un droit d’accès aux informations qui vous concernent et vous pouvez les faire modifier. Si vous souhaitez faire modifier ou supprimer certaines des données qui vous concernent, veuillez contacter directement la société dont les coordonnées figurent sur le site.</p>
<h3>DIRECTRICE DE PUBLICATION</h3>
<p>Claire Simonet[/vc_column_text][/vc_column][vc_column width= »1/2&Prime;][vc_column_text]</p>
<h3>IMAGES</h3>
<p>Eléments graphiques : © 2019 CS Design<br />
Photographies :<br />
© 2019 CS Design (sauf photo mentions contraire)<br />
Chateau de Foix : © Serge Cros Architectes<br />
Parc de calanques, photo sous-marine : © Florian Launette<br />
Site développé sous WordPress.</p>
<h3>HÉBERGEMENT</h3>
<p>Le présent site est hébergé par la société d’hébergement OVH.</p>
<p><strong>OVH</strong><br />
14, Quai de Sartel<br />
59100 ROUBAIX<br />
France</p>
<h3>ENTREPRISE</h3>
<p><strong>SARL CS Design</strong><br />
2 avenue du Cami Neou<br />
82210 Saint Nicolas de la Grave<br />
France<br />
SIRET 66797521796[/vc_column_text][/vc_column][/vc_row]</p>
</div>

<p>[vc_row][vc_column width= »1/2&Prime;][vc_column_text] PROPRIÉTÉ INTELLECTUELLE Les créations réalisées par la société&nbsp;CS Design&nbsp;sont protégées au titre du droit d’auteur conformément aux dispositions des livres I à III du Code de la Propriété Intellectuelle. A ce titre, toute reproduction, représentation, utilisation, adaptation, modification, incorporation, traduction, commercialisation, partielles ou intégrales des éléments contenus dans ce site, sans l’autorisation écrite préalable de&nbsp;CS Design, est interdite, sous peine de constituer un délit de contrefaçon de droit d’auteur. DONNÉES PERSONNELLES En application de la loi n° 78-17 du 6 janvier 1978 («&nbsp;informatique et libertés&nbsp;»), vous disposez d’un droit d’accès aux informations qui vous concernent et vous pouvez les faire modifier. Si vous souhaitez faire modifier ou supprimer certaines des données qui vous concernent, veuillez contacter directement la société dont les coordonnées figurent sur le site. DIRECTRICE DE PUBLICATION Claire Simonet[/vc_column_text][/vc_column][vc_column width= »1/2&Prime;][vc_column_text] IMAGES Eléments graphiques : © 2019 CS Design Photographies : © 2019 CS Design (sauf photo mentions contraire) Chateau de Foix : © Serge Cros Architectes Parc de calanques, photo sous-marine : © Florian Launette Site développé sous WordPress. HÉBERGEMENT Le présent site est hébergé par la société d’hébergement OVH. OVH 14, Quai de Sartel 59100 ROUBAIX France ENTREPRISE SARL CS Design 2 avenue du Cami [&hellip;]</p>
