{"id":15583,"date":"2019-01-29T16:16:42","date_gmt":"2019-01-29T15:16:42","guid":{"rendered":"https:\/\/www.csdesign.fr\/wordpress\/?page_id=15583"},"modified":"2019-01-31T14:18:36","modified_gmt":"2019-01-31T13:18:36","slug":"scenographie-dexposition-et-amenagement-despace","status":"publish","type":"page","link":"https:\/\/www.csdesign.fr\/wordpress\/competences\/scenographie-dexposition-et-amenagement-despace\/","title":{"rendered":"Sc\u00e9nographie d\u2019exposition et am\u00e9nagement d\u2019espace"},"content":{"rendered":"<div class=\"wpb-content-wrapper\"><p>[vc_row bg_image=\u00a0\u00bb15591&Prime; parallax_bg=\u00a0\u00bbtrue\u00a0\u00bb bg_color=\u00a0\u00bb#e61a4a\u00a0\u00bb section_arrow=\u00a0\u00bbfalse\u00a0\u00bb text_color=\u00a0\u00bblight\u00a0\u00bb top_padding=\u00a0\u00bb100&Prime; bottom_padding=\u00a0\u00bb100&Prime;][vc_column width=\u00a0\u00bb1\/1&Prime;]<h1 class=\"headline font-inherit fontsize-xxl fontweight-inherit lh-12 align-center transform-uppercase \" style=\"margin: 0 0 20px 0;\"><strong>Sc\u00e9nographie d\u2019exposition<\/strong><br \/>\net am\u00e9nagement d\u2019espace<\/h1>[\/vc_column][\/vc_row][vc_row top_padding=\u00a0\u00bb50&Prime;][vc_column text_align=\u00a0\u00bbcenter\u00a0\u00bb width=\u00a0\u00bb1\/1&Prime;][vc_column_text el_class=\u00a0\u00bbquote-home\u00a0\u00bb]<i class=\"fa fa-quote-left\" aria-hidden=\"true\"><\/i> \u00c9mouvoir, inspirer et questionner le visiteur[\/vc_column_text][\/vc_column][\/vc_row][vc_row top_padding=\u00a0\u00bb50&Prime; bottom_padding=\u00a0\u00bb50&Prime;][vc_column width=\u00a0\u00bb1\/2&Prime;][vc_column_text]La sc\u00e9nographie est \u00ab l\u2019art de concevoir et de mettre en forme l\u2019espace propice \u00e0 la repr\u00e9sentation ou pr\u00e9sentation publique d\u2019une \u0153uvre, d\u2019un objet, d\u2019un \u00e9v\u00e8nement \u00bb<\/p>\n<p>Le sc\u00e9nographe d\u2019exposition a pour r\u00f4le d\u2019interpr\u00e9ter et de traduire dans l\u2019espace et dans la forme un programme mus\u00e9ographique, de mettre en valeur une collection.[\/vc_column_text][\/vc_column][vc_column width=\u00a0\u00bb1\/2&Prime;][vc_column_text]Au-del\u00e0 des comp\u00e9tences sc\u00e9niques, le sc\u00e9nographe d\u2019exposition se distingue par sa connaissance des pratiques mus\u00e9ales et des pr\u00e9occupations qui leurs sont associ\u00e9es : attention au public vis\u00e9, ergonomie des outils de m\u00e9diation, confort de lecture de l\u2019information&#8230;<\/p>\n<p>Son r\u00f4le est aussi de mettre en sc\u00e8ne le sc\u00e9nario d\u2019exposition en tenant compte de toutes les contraintes techniques du projet.[\/vc_column_text][\/vc_column][\/vc_row][vc_row bg_image=\u00a0\u00bb15593&Prime; parallax_bg=\u00a0\u00bbtrue\u00a0\u00bb bg_color=\u00a0\u00bb#262626&Prime; section_arrow=\u00a0\u00bbfalse\u00a0\u00bb text_color=\u00a0\u00bblight\u00a0\u00bb text_align=\u00a0\u00bbcenter\u00a0\u00bb top_padding=\u00a0\u00bb100&Prime; bottom_padding=\u00a0\u00bb100&Prime;][vc_column width=\u00a0\u00bb1\/1&Prime;][vc_column_text el_class=\u00a0\u00bbquote-home\u00a0\u00bb]<i class=\"fa fa-quote-left\" aria-hidden=\"true\"><\/i> Ce que nous donnons \u00e0 voir dans une exposition<br \/>\ndoit \u00e9mouvoir, inspirer et questionner le visiteur<br \/>\nafin qu\u2019il reparte avec quelque chose pour lui&#8230;<br \/>\nune exp\u00e9rience m\u00e9morable ! [\/vc_column_text][\/vc_column][\/vc_row][vc_row type=\u00a0\u00bbfull_width_section\u00a0\u00bb text_align=\u00a0\u00bbcenter\u00a0\u00bb top_padding=\u00a0\u00bb50&Prime; bottom_padding=\u00a0\u00bb50&Prime; bg_position=\u00a0\u00bbcenter top\u00a0\u00bb][vc_column width=\u00a0\u00bb1\/1&Prime;]<h2 class=\"headline font-special fontsize-xxl fontweight-700 lh-inherit align-center transform-uppercase \" style=\"margin: 0 0 60px 0;\">Nos r\u00e9f\u00e9rences \u00ab\u00a0Sc\u00e9nographie\u00a0\u00bb<\/h2>\n\t\t<div class=\"portfolio-element\">\n\n\t\t\n\t\t\n\t\t\t\t\t<div id=\"361780943\" class=\"portfolio-items portfolio-nomargin portfolio-overlay-effect clearfix\" data-id=\"361780943\">  \n\t\t\t\t\t\t\n\t\t\t\t\t\t\t\n\t\t\t\t\t\t\t\n\t\t\t\t\t\t\n\t\t\t\t\t\t\t\t\t\t\t\t\t\t\t\t\n\t\t\t\t\t\t\t\t   \n\n\t\t\t\t\t\t\t\t<div class=\"term-evenementiel term-graphisme term-scenographie portfolio-item nomargin\">\n\t\t\t\t\t\t\t\t\t<div class=\"portfolio-image\"><a href=\"https:\/\/www.csdesign.fr\/wordpress\/references\/salon-occitanie-innov-2023\/\" title=\"Salon Occitanie Innov 2023\"><div class=\"portfolio-image-img\"><img decoding=\"async\" src=\"https:\/\/www.csdesign.fr\/wordpress\/wp-content\/uploads\/2023\/02\/DSC7509-600x400.jpg\" alt=\"Salon Occitanie Innov 2023\" \/><\/div><div class=\"portfolio-overlay overlay-effect\"><span>Salon Occitanie Innov 2023<\/span><\/div><\/a><\/div>\n\t\t\t\t\t\t\t\t<\/div>\n\n\t\t\t\t\t\t\t\t\t\t\t\t  \n\t\t\t\t\t\t\n\t\t\t\t\t\t\t\n\t\t\t\t\t\t\t\n\t\t\t\t\t\t\n\t\t\t\t\t\t\t\t\t\t\t\t\t\t\t\t\n\t\t\t\t\t\t\t\t   \n\n\t\t\t\t\t\t\t\t<div class=\"term-musee-exposition term-opc term-scenographie portfolio-item nomargin\">\n\t\t\t\t\t\t\t\t\t<div class=\"portfolio-image\"><a href=\"https:\/\/www.csdesign.fr\/wordpress\/references\/exposition-le-prince-albert-1er-de-monaco-et-les-pyrenees\/\" title=\"Exposition \u00ab\u00a0le prince Albert 1er de Monaco et les Pyr\u00e9n\u00e9es\u00a0\u00bb\"><div class=\"portfolio-image-img\"><img decoding=\"async\" src=\"https:\/\/www.csdesign.fr\/wordpress\/wp-content\/uploads\/2022\/06\/SIG041_2400x180010-600x400.png\" alt=\"Exposition \u00ab\u00a0le prince Albert 1er de Monaco et les Pyr\u00e9n\u00e9es\u00a0\u00bb\" \/><\/div><div class=\"portfolio-overlay overlay-effect\"><span>Exposition \u00ab\u00a0le prince Albert 1er de Monaco et les Pyr\u00e9n\u00e9es\u00a0\u00bb<\/span><\/div><\/a><\/div>\n\t\t\t\t\t\t\t\t<\/div>\n\n\t\t\t\t\t\t\t\t\t\t\t\t  \n\t\t\t\t\t\t\n\t\t\t\t\t\t\t\n\t\t\t\t\t\t\t\n\t\t\t\t\t\t\n\t\t\t\t\t\t\t\t\t\t\t\t\t\t\t\t\n\t\t\t\t\t\t\t\t   \n\n\t\t\t\t\t\t\t\t<div class=\"term-centre-dinterpretation term-design-mobilier term-mobilier term-musee-exposition term-scenographie portfolio-item nomargin\">\n\t\t\t\t\t\t\t\t\t<div class=\"portfolio-image\"><a href=\"https:\/\/www.csdesign.fr\/wordpress\/references\/abbaye-de-beaulieu-en-rouergue\/\" title=\"Abbaye de Beaulieu-en-Rouergue\"><div class=\"portfolio-image-img\"><img decoding=\"async\" src=\"https:\/\/www.csdesign.fr\/wordpress\/wp-content\/uploads\/2022\/11\/Abbaye-Beaulieu-CMN-02-600x400.jpg\" alt=\"Abbaye de Beaulieu-en-Rouergue\" \/><\/div><div class=\"portfolio-overlay overlay-effect\"><span>Abbaye de Beaulieu-en-Rouergue<\/span><\/div><\/a><\/div>\n\t\t\t\t\t\t\t\t<\/div>\n\n\t\t\t\t\t\t\t\t\t\t\t\t  \n\t\t\t\t\t\t\n\t\t\t\t\t\t\t\n\t\t\t\t\t\t\t\n\t\t\t\t\t\t\n\t\t\t\t\t\t\t\t\t\t\t\t\t\t\t\t\n\t\t\t\t\t\t\t\t   \n\n\t\t\t\t\t\t\t\t<div class=\"term-design-mobilier term-mobilier term-musee-exposition term-museographie term-scenographie portfolio-item nomargin\">\n\t\t\t\t\t\t\t\t\t<div class=\"portfolio-image\"><a href=\"https:\/\/www.csdesign.fr\/wordpress\/references\/maison-garonne-a-boe\/\" title=\"Maison Garonne \u00e0 Bo\u00e9\"><div class=\"portfolio-image-img\"><img decoding=\"async\" src=\"https:\/\/www.csdesign.fr\/wordpress\/wp-content\/uploads\/2020\/10\/etude-museographique-scenographique-Lot-et-Garonne-Boe-portada-600x400.jpg\" alt=\"Maison Garonne \u00e0 Bo\u00e9\" \/><\/div><div class=\"portfolio-overlay overlay-effect\"><span>Maison Garonne \u00e0 Bo\u00e9<\/span><\/div><\/a><\/div>\n\t\t\t\t\t\t\t\t<\/div>\n\n\t\t\t\t\t\t\t\t\t\t\t\t  \n\t\t\t\t\t\t\t\t\t\t\t<\/div>\n\n\t\t\n\t\t<\/div>\n\t\t\t\n\t\t\t\t\n\t\t<div class=\"spacer\" style=\"height: 30px;\"><\/div><a href=\"https:\/\/www.csdesign.fr\/projets\/\" target=\"_self\" class=\"button color-3 medium \" style=\"border-radius: 2px;\">Voir tous les projets<\/a>[\/vc_column][\/vc_row]<\/p>\n<\/div>","protected":false},"excerpt":{"rendered":"<p>[vc_row bg_image=\u00a0\u00bb15591&Prime; parallax_bg=\u00a0\u00bbtrue\u00a0\u00bb bg_color=\u00a0\u00bb#e61a4a\u00a0\u00bb section_arrow=\u00a0\u00bbfalse\u00a0\u00bb text_color=\u00a0\u00bblight\u00a0\u00bb top_padding=\u00a0\u00bb100&Prime; bottom_padding=\u00a0\u00bb100&Prime;][vc_column width=\u00a0\u00bb1\/1&Prime;][\/vc_column][\/vc_row][vc_row top_padding=\u00a0\u00bb50&Prime;][vc_column text_align=\u00a0\u00bbcenter\u00a0\u00bb width=\u00a0\u00bb1\/1&Prime;][vc_column_text el_class=\u00a0\u00bbquote-home\u00a0\u00bb] \u00c9mouvoir, inspirer et questionner le visiteur[\/vc_column_text][\/vc_column][\/vc_row][vc_row top_padding=\u00a0\u00bb50&Prime; bottom_padding=\u00a0\u00bb50&Prime;][vc_column width=\u00a0\u00bb1\/2&Prime;][vc_column_text]La sc\u00e9nographie est \u00ab l\u2019art de concevoir et de mettre en forme l\u2019espace propice \u00e0 la repr\u00e9sentation ou pr\u00e9sentation publique d\u2019une \u0153uvre, d\u2019un objet, d\u2019un \u00e9v\u00e8nement \u00bb Le sc\u00e9nographe d\u2019exposition a pour r\u00f4le d\u2019interpr\u00e9ter et de traduire dans l\u2019espace et dans la forme un programme mus\u00e9ographique, de mettre en valeur une collection.[\/vc_column_text][\/vc_column][vc_column width=\u00a0\u00bb1\/2&Prime;][vc_column_text]Au-del\u00e0 des comp\u00e9tences sc\u00e9niques, le sc\u00e9nographe d\u2019exposition se distingue par sa connaissance des pratiques mus\u00e9ales et des pr\u00e9occupations qui leurs sont associ\u00e9es : attention au public vis\u00e9, ergonomie des outils de m\u00e9diation, confort de lecture de l\u2019information&#8230; Son r\u00f4le est aussi de mettre en sc\u00e8ne le sc\u00e9nario d\u2019exposition en tenant compte de toutes les contraintes techniques du projet.[\/vc_column_text][\/vc_column][\/vc_row][vc_row bg_image=\u00a0\u00bb15593&Prime; parallax_bg=\u00a0\u00bbtrue\u00a0\u00bb bg_color=\u00a0\u00bb#262626&Prime; section_arrow=\u00a0\u00bbfalse\u00a0\u00bb text_color=\u00a0\u00bblight\u00a0\u00bb text_align=\u00a0\u00bbcenter\u00a0\u00bb top_padding=\u00a0\u00bb100&Prime; bottom_padding=\u00a0\u00bb100&Prime;][vc_column width=\u00a0\u00bb1\/1&Prime;][vc_column_text el_class=\u00a0\u00bbquote-home\u00a0\u00bb] Ce que nous donnons \u00e0 voir dans une exposition doit \u00e9mouvoir, inspirer et questionner le visiteur afin qu\u2019il reparte avec quelque chose pour lui&#8230; une exp\u00e9rience m\u00e9morable ! [\/vc_column_text][\/vc_column][\/vc_row][vc_row type=\u00a0\u00bbfull_width_section\u00a0\u00bb text_align=\u00a0\u00bbcenter\u00a0\u00bb top_padding=\u00a0\u00bb50&Prime; bottom_padding=\u00a0\u00bb50&Prime; bg_position=\u00a0\u00bbcenter top\u00a0\u00bb][vc_column width=\u00a0\u00bb1\/1&Prime;][\/vc_column][\/vc_row]<\/p>\n","protected":false},"author":2,"featured_media":0,"parent":15424,"menu_order":0,"comment_status":"closed","ping_status":"closed","template":"","meta":{"footnotes":""},"class_list":["post-15583","page","type-page","status-publish","hentry"],"_links":{"self":[{"href":"https:\/\/www.csdesign.fr\/wordpress\/wp-json\/wp\/v2\/pages\/15583","targetHints":{"allow":["GET"]}}],"collection":[{"href":"https:\/\/www.csdesign.fr\/wordpress\/wp-json\/wp\/v2\/pages"}],"about":[{"href":"https:\/\/www.csdesign.fr\/wordpress\/wp-json\/wp\/v2\/types\/page"}],"author":[{"embeddable":true,"href":"https:\/\/www.csdesign.fr\/wordpress\/wp-json\/wp\/v2\/users\/2"}],"replies":[{"embeddable":true,"href":"https:\/\/www.csdesign.fr\/wordpress\/wp-json\/wp\/v2\/comments?post=15583"}],"version-history":[{"count":0,"href":"https:\/\/www.csdesign.fr\/wordpress\/wp-json\/wp\/v2\/pages\/15583\/revisions"}],"up":[{"embeddable":true,"href":"https:\/\/www.csdesign.fr\/wordpress\/wp-json\/wp\/v2\/pages\/15424"}],"wp:attachment":[{"href":"https:\/\/www.csdesign.fr\/wordpress\/wp-json\/wp\/v2\/media?parent=15583"}],"curies":[{"name":"wp","href":"https:\/\/api.w.org\/{rel}","templated":true}]}}

Scénographie d’exposition et aménagement d’espace

<div class="wpb-content-wrapper"><p>[vc_row bg_image= »15591&Prime; parallax_bg= »true » bg_color= »#e61a4a » section_arrow= »false » text_color= »light » top_padding= »100&Prime; bottom_padding= »100&Prime;][vc_column width= »1/1&Prime;]<h1 class="headline font-inherit fontsize-xxl fontweight-inherit lh-12 align-center transform-uppercase " style="margin: 0 0 20px 0;"><strong>Scénographie d’exposition</strong><br />
et aménagement d’espace</h1>[/vc_column][/vc_row][vc_row top_padding= »50&Prime;][vc_column text_align= »center » width= »1/1&Prime;][vc_column_text el_class= »quote-home »]<i class="fa fa-quote-left" aria-hidden="true"></i> Émouvoir, inspirer et questionner le visiteur[/vc_column_text][/vc_column][/vc_row][vc_row top_padding= »50&Prime; bottom_padding= »50&Prime;][vc_column width= »1/2&Prime;][vc_column_text]La scénographie est « l’art de concevoir et de mettre en forme l’espace propice à la représentation ou présentation publique d’une œuvre, d’un objet, d’un évènement »</p>
<p>Le scénographe d’exposition a pour rôle d’interpréter et de traduire dans l’espace et dans la forme un programme muséographique, de mettre en valeur une collection.[/vc_column_text][/vc_column][vc_column width= »1/2&Prime;][vc_column_text]Au-delà des compétences scéniques, le scénographe d’exposition se distingue par sa connaissance des pratiques muséales et des préoccupations qui leurs sont associées : attention au public visé, ergonomie des outils de médiation, confort de lecture de l’information&#8230;</p>
<p>Son rôle est aussi de mettre en scène le scénario d’exposition en tenant compte de toutes les contraintes techniques du projet.[/vc_column_text][/vc_column][/vc_row][vc_row bg_image= »15593&Prime; parallax_bg= »true » bg_color= »#262626&Prime; section_arrow= »false » text_color= »light » text_align= »center » top_padding= »100&Prime; bottom_padding= »100&Prime;][vc_column width= »1/1&Prime;][vc_column_text el_class= »quote-home »]<i class="fa fa-quote-left" aria-hidden="true"></i> Ce que nous donnons à voir dans une exposition<br />
doit émouvoir, inspirer et questionner le visiteur<br />
afin qu’il reparte avec quelque chose pour lui&#8230;<br />
une expérience mémorable ! [/vc_column_text][/vc_column][/vc_row][vc_row type= »full_width_section » text_align= »center » top_padding= »50&Prime; bottom_padding= »50&Prime; bg_position= »center top »][vc_column width= »1/1&Prime;]<h2 class="headline font-special fontsize-xxl fontweight-700 lh-inherit align-center transform-uppercase " style="margin: 0 0 60px 0;">Nos références « Scénographie »</h2>
		<div class="portfolio-element">

		
		
					<div id="361780943" class="portfolio-items portfolio-nomargin portfolio-overlay-effect clearfix" data-id="361780943">  
						
							
							
						
																
								   

								<div class="term-evenementiel term-graphisme term-scenographie portfolio-item nomargin">
									<div class="portfolio-image"><a href="https://www.csdesign.fr/wordpress/references/salon-occitanie-innov-2023/" title="Salon Occitanie Innov 2023"><div class="portfolio-image-img"><img decoding="async" src="https://www.csdesign.fr/wordpress/wp-content/uploads/2023/02/DSC7509-600x400.jpg" alt="Salon Occitanie Innov 2023" /></div><div class="portfolio-overlay overlay-effect"><span>Salon Occitanie Innov 2023</span></div></a></div>
								</div>

												  
						
							
							
						
																
								   

								<div class="term-musee-exposition term-opc term-scenographie portfolio-item nomargin">
									<div class="portfolio-image"><a href="https://www.csdesign.fr/wordpress/references/exposition-le-prince-albert-1er-de-monaco-et-les-pyrenees/" title="Exposition « le prince Albert 1er de Monaco et les Pyrénées »"><div class="portfolio-image-img"><img decoding="async" src="https://www.csdesign.fr/wordpress/wp-content/uploads/2022/06/SIG041_2400x180010-600x400.png" alt="Exposition « le prince Albert 1er de Monaco et les Pyrénées »" /></div><div class="portfolio-overlay overlay-effect"><span>Exposition « le prince Albert 1er de Monaco et les Pyrénées »</span></div></a></div>
								</div>

												  
						
							
							
						
																
								   

								<div class="term-centre-dinterpretation term-design-mobilier term-mobilier term-musee-exposition term-scenographie portfolio-item nomargin">
									<div class="portfolio-image"><a href="https://www.csdesign.fr/wordpress/references/abbaye-de-beaulieu-en-rouergue/" title="Abbaye de Beaulieu-en-Rouergue"><div class="portfolio-image-img"><img decoding="async" src="https://www.csdesign.fr/wordpress/wp-content/uploads/2022/11/Abbaye-Beaulieu-CMN-02-600x400.jpg" alt="Abbaye de Beaulieu-en-Rouergue" /></div><div class="portfolio-overlay overlay-effect"><span>Abbaye de Beaulieu-en-Rouergue</span></div></a></div>
								</div>

												  
						
							
							
						
																
								   

								<div class="term-design-mobilier term-mobilier term-musee-exposition term-museographie term-scenographie portfolio-item nomargin">
									<div class="portfolio-image"><a href="https://www.csdesign.fr/wordpress/references/maison-garonne-a-boe/" title="Maison Garonne à Boé"><div class="portfolio-image-img"><img decoding="async" src="https://www.csdesign.fr/wordpress/wp-content/uploads/2020/10/etude-museographique-scenographique-Lot-et-Garonne-Boe-portada-600x400.jpg" alt="Maison Garonne à Boé" /></div><div class="portfolio-overlay overlay-effect"><span>Maison Garonne à Boé</span></div></a></div>
								</div>

												  
											</div>

		
		</div>
			
				
		<div class="spacer" style="height: 30px;"></div><a href="https://www.csdesign.fr/projets/" target="_self" class="button color-3 medium " style="border-radius: 2px;">Voir tous les projets</a>[/vc_column][/vc_row]</p>
</div>

<p>[vc_row bg_image= »15591&Prime; parallax_bg= »true » bg_color= »#e61a4a » section_arrow= »false » text_color= »light » top_padding= »100&Prime; bottom_padding= »100&Prime;][vc_column width= »1/1&Prime;][/vc_column][/vc_row][vc_row top_padding= »50&Prime;][vc_column text_align= »center » width= »1/1&Prime;][vc_column_text el_class= »quote-home »] Émouvoir, inspirer et questionner le visiteur[/vc_column_text][/vc_column][/vc_row][vc_row top_padding= »50&Prime; bottom_padding= »50&Prime;][vc_column width= »1/2&Prime;][vc_column_text]La scénographie est « l’art de concevoir et de mettre en forme l’espace propice à la représentation ou présentation publique d’une œuvre, d’un objet, d’un évènement » Le scénographe d’exposition a pour rôle d’interpréter et de traduire dans l’espace et dans la forme un programme muséographique, de mettre en valeur une collection.[/vc_column_text][/vc_column][vc_column width= »1/2&Prime;][vc_column_text]Au-delà des compétences scéniques, le scénographe d’exposition se distingue par sa connaissance des pratiques muséales et des préoccupations qui leurs sont associées : attention au public visé, ergonomie des outils de médiation, confort de lecture de l’information&#8230; Son rôle est aussi de mettre en scène le scénario d’exposition en tenant compte de toutes les contraintes techniques du projet.[/vc_column_text][/vc_column][/vc_row][vc_row bg_image= »15593&Prime; parallax_bg= »true » bg_color= »#262626&Prime; section_arrow= »false » text_color= »light » text_align= »center » top_padding= »100&Prime; bottom_padding= »100&Prime;][vc_column width= »1/1&Prime;][vc_column_text el_class= »quote-home »] Ce que nous donnons à voir dans une exposition doit émouvoir, inspirer et questionner le visiteur afin qu’il reparte avec quelque chose pour lui&#8230; une expérience mémorable ! [/vc_column_text][/vc_column][/vc_row][vc_row type= »full_width_section » text_align= »center » top_padding= »50&Prime; bottom_padding= »50&Prime; bg_position= »center top »][vc_column width= »1/1&Prime;][/vc_column][/vc_row]</p>
